((-260)/12 - -4)?
11, 53
Let m(o) = 21*o - 9. Let a be m(2). Suppose 15 = -28*f + a*f. Suppose -s - 88 = -f*j, 5*s = -2*j + 8 + 28. List the prime factors of j.
2, 7
Let w = 94 + -203. Let j = w - -158. List the prime factors of j.
7
Let i(w) = 716*w - 3. List the prime factors of i(1).
23, 31
Suppose 5*k = 3*c + 2 + 53, 0 = 3*k + 4*c - 33. Let i(r) = -7*r - 2 - 11*r + 3*r + r**3 + k*r**2. What are the prime factors of i(-12)?
2, 17
Let i be (-1 - -2)/(((-30)/25)/(-6)). Suppose -2*d = -5*y - 220 + 13, -2*d - i*y = -177. List the prime factors of d.
2, 3
Let v = 66 + -66. Suppose 3*k - 271 - 131 = v. List the prime factors of k.
2, 67
Suppose 2*g - 26 = 46. Suppose 11 = 5*n + g, 3*n + 176 = l. What are the prime factors of l?
7, 23
Let y(d) = 114*d + 5. Let w(z) = 568*z + 26. Let l(b) = 3*w(b) - 16*y(b). List the prime factors of l(-1).
2, 59
Let p = -87 + 96. Suppose -2*v = -p*v + 1477. List the prime factors of v.
211
Let z = -11 - -21. Let i = 15 - z. Suppose 12 = -i*o + 7*o. What are the prime factors of o?
2, 3
Suppose 0 = -w - 2*w + 366. Suppose -3*g + 2*y = -363 + w, 0 = 2*g + 4*y - 134. Suppose g = 3*p - q, -5*p + 4*q + 70 = -56. List the prime factors of p.
2, 13
Let d = 54 - 54. Suppose 0 = 3*l + 4*a + 26 - 813, d = 4*l - 2*a - 1042. List the prime factors of l.
3, 29
Let p(f) = 20*f**2 - 6*f + 6. Let m(l) = -7*l**2 + 2*l - 2. Let a(y) = 17*m(y) + 6*p(y). Let z be a(2). What are the prime factors of (-1596)/(-35) - z/(-5)?
2, 23
Let w(u) = -8 - 8 + 35*u - 8. List the prime factors of w(4).
2, 29
Let x(h) = 4 + 2*h**2 - 5*h + 4 + 3*h**2 - 6*h**2. Let m be x(-6). Suppose z = -2*p + 131, -5*z = m*p - 89 - 38. List the prime factors of p.
2, 3, 11
Let n be (1/(-2))/((-12)/(-1176)). Let r = 62 + n. List the prime factors of r.
13
Suppose -5*q + 11853 = -t, -144*t + 141*t = -2*q + 4736. List the prime factors of q.
2371
Let h(a) = -a + 10. Let t(n) = -2*n + 20. Let o(w) = 13*h(w) - 6*t(w). Suppose m - 2*m = -4, -5*m = -4*l - 56. What are the prime factors of o(l)?
19
Suppose 2*m - 20 = -2*m - 4*y, y = -4*m + 14. List the prime factors of 1*m*(-15 + 18).
3
Let t = -94 + 439. What are the prime factors of t?
3, 5, 23
List the prime factors of 1/((-5)/(-6540)*4).
3, 109
Let i(l) = -288*l - 297. What are the prime factors of i(-5)?
3, 127
Suppose -4*c + 3*x + 432 = -1111, 3 = -3*x. List the prime factors of c.
5, 7, 11
Let n(g) = 4*g**3 - g**2 - g + 1. Let p be n(1). Suppose -p*r - 5*k + 88 = -2*r, 0 = -5*k - 15. What are the prime factors of r?
103
Let a(x) = 2*x - 29. Let w be a(17). Suppose 8*c - 59 = 3*c + 3*h, 2*c + 4*h - 8 = 0. Suppose 4 = -4*n - 4*m, -w*n - m + c = m. List the prime factors of n.
2
Suppose 3*p = 9 + 12. Let q be (-2)/(-9) + (-11)/9. Let l = q + p. List the prime factors of l.
2, 3
Let r = 3694 + -1822. List the prime factors of r.
2, 3, 13
Suppose -5*d - 6 = -21. Suppose -33 = d*b + 45. Let a = -23 - b. List the prime factors of a.
3
Let s(v) = v**2 - 15*v - 33. List the prime factors of s(30).
3, 139
Suppose 568 = 5*r - 4*s, 2*s + 216 = 5*r - 348. Suppose 0 = 14*p - 12*p - r. List the prime factors of p.
2, 7
Let f be 4/18*6*(304 - -5). Suppose 0 = 75*h - 71*h - f. List the prime factors of h.
103
Let h(j) = 13*j + 4. Let x be 29/9 - 6/27. Let k be (x/(-1) - 3)/(-2). List the prime factors of h(k).
43
Suppose -6056 = -9*m + 5*m. List the prime factors of m.
2, 757
Let q(g) = 2*g**2 + 5*g + 4. Let s(u) = -3*u**2 - 10*u - 7. Let j(z) = 5*q(z) + 2*s(z). Let a be j(-4). List the prime factors of a - (-1)/(1/(-2)).
2, 3
Suppose 13 = -5*f + 3*z, 0*f + z - 6 = 2*f. Let c be 53 - (4 + f)*-2. List the prime factors of 1 - (c + -4)/(-1).
2, 3
Suppose u = 11*a - 10*a + 20, -3*u + 100 = 5*a. Suppose -6*f + 985 = u. What are the prime factors of f?
2, 5
Let z = 116 + -148. List the prime factors of z/24 + (-1454)/(-6).
241
Let p(v) = -v**3 - 11*v**2 - 4*v - 3. Let c(i) = -i**2 + 1. Let q(a) = 3*c(a) - p(a). List the prime factors of q(-6).
2, 3
Let u = -979 + 3942. What are the prime factors of u?
2963
Suppose 0 = -w - 6*k + 3*k + 504, 2*k = 2*w - 1000. List the prime factors of w.
3, 167
Let g = 4043 + -1071. List the prime factors of g.
2, 743
Suppose -12*o = -5131 - 2141. What are the prime factors of o?
2, 3, 101
Let s(h) = 5*h**2 - 7*h**2 + 4 + h**2 - 11*h. List the prime factors of s(-8).
2, 7
Let i be (61 - 64)/((9/178)/3). Let h = 310 + i. List the prime factors of h.
2, 3, 11
Let p = -353 + 712. What are the prime factors of p?
359
Let g = 272 - 156. Suppose 4*f + g = 6*f. What are the prime factors of f?
2, 29
Suppose 2*u - s - 247 = -3*u, 0 = -4*u - 2*s + 206. Suppose -13*j + 22*j + 27 = 0. What are the prime factors of j*(-3 + u/(-6))?
2, 17
Let o be (2/3)/((-4)/6). Let x be (1 + 2 + -3)*o. List the prime factors of ((-495)/(-9))/(x - -1).
5, 11
Suppose 14 = 4*w + y, -3*w + 10 = -0*y + y. Suppose 0 = -f - w. What are the prime factors of (2 + f)*(1 + -7)?
2, 3
Suppose 0 = -5*a + 3*s + 371 + 194, 4*a - 452 = -5*s. List the prime factors of a.
113
Suppose 2*v = -f + 362, 8*f = 10*f - 3*v - 724. What are the prime factors of f?
2, 181
Suppose -7*f + 282 + 1860 = 0. List the prime factors of f.
2, 3, 17
Let u(x) = x**2 + 4*x + 5. Let c(w) = -w**3 - 8*w**2 + 8*w - 5. Let i be c(-9). Let f be 1/1 - (10 - i). What are the prime factors of u(f)?
2, 5
Let b be 24/18*9/4. Suppose -y + 57 = 2*x, 78 = 2*x + b*y + 15. List the prime factors of x.
3
Let u(s) = -382*s**3 + 2*s**2 + 14*s + 23. What are the prime factors of u(-2)?
7, 19, 23
Suppose 19*f - 11095 = -1538. List the prime factors of f.
503
Suppose 8 = 4*a + 24. Let f = 9 + a. Suppose 1 = -2*h + f. What are the prime factors of h?
2
List the prime factors of -2 + (-12580)/(-18) + (-55)/(-495).
17, 41
Let o(w) = 150*w**2 - 17*w + 56. What are the prime factors of o(3)?
5, 271
Let n = -1064 + 1313. List the prime factors of n.
3, 83
Suppose b = -4*u + 2 + 14, -3*b + 2*u = -6. Suppose b*p = 115 + 133. List the prime factors of p.
2, 31
Suppose -8 = -f - 3*f. Let q(d) = 1 + 1 + 3*d - d**f + 4*d. List the prime factors of q(5).
2, 3
Suppose -w + 4638 = 4*d, -18537 = -4*w + 20*d - 21*d. What are the prime factors of w?
2, 7, 331
Suppose -6*o - 764 = 364. List the prime factors of 12/(-8)*o/6.
47
Suppose -4301 = -4*v - 3*m, -4312 = -3*v + 5*m - 1079. List the prime factors of v.
2, 269
Suppose z = -4*p + 22, 0*p + 14 = 4*p - 3*z. Suppose 2*r - y - 8 = -2*r, -p*r + 3 = -3*y. Suppose -v = -r*v + 10. What are the prime factors of v?
5
Let o be (12 - 0)*11/22. Suppose -m + 23 = 5*s - o, 2*s - 66 = -2*m. Suppose 0*k - 52 = -k + 2*q, k = -4*q + m. What are the prime factors of k?
2, 23
Suppose 0 = 3*f + q + 62, -5*f - 81 - 19 = q. Let a = f - -134. Suppose 4*p - a = 45. List the prime factors of p.
2, 5
Suppose -5*o + 2*o - 1715 = -5*v, 0 = 4*o - 20. What are the prime factors of v?
2, 173
Let q(s) = -s**3 + 7*s**2 - 7*s - 1. Let w(o) = -6*o. Let f be w(-1). Let d be q(f). Let a = d + 27. What are the prime factors of a?
2, 5
Suppose 6*q + 220 = 17*q. Suppose 0 = -18*b + q*b - 174. What are the prime factors of b?
3, 29
Let b(y) = -y**2 - 17*y - 14. Let s be b(-5). Suppose 3*m - 161 - s = 0. List the prime factors of m.
3, 23
Suppose 25*y = 39*y - 4340. List the prime factors of y.
2, 5, 31
Suppose 2*h + 8 = 3*h + 4*w, -2*h + 4 = 4*w. What are the prime factors of (h + -13)*2/(-2)?
17
Suppose r = -4 + 13. Let g = r + -6. Suppose -3*h + 126 = g*k, 3*k = -1 + 4. List the prime factors of h.
41
Suppose 68 = 3*u - 2*u. List the prime factors of 26/12*u + 1/(-3).
3, 7
Let g be 4 + (1 - (-1 + 1))*-29. What are the prime factors of (92/(-10))/((-5)/g*-2)?
23
Let r be (-1 + 4)*(-1)/(-3). List the prime factors of 1 + r - (-10 + -89).
101
Let c(f) = 5*f**2 - 9*f + 23. List the prime factors of c(11).
23
Let l be 1/(12/9) + (-78)/(-24). Suppose -2*k - l*h + 168 = -0*k, 4*h = -k + 82. List the prime factors of k.
2, 43
Let w = -22 + 27. Let u(t) = 2*t**3 - 8*t**2 + 4*t + 5. List the prime factors of u(w).
3, 5
Suppose 4*z = 2*s + 5302, 5*z - 8*s = -3*s + 6625. List the prime factors of z.
2, 3, 13, 17
Suppose 5*p - 3*p = -2, -5*p = 2*v - 833. What are the prime factors of v?
419
Suppose 677 = 2*h + 5*l, 3*h = -2*h + 2*l + 1707. List the prime factors of h.
11, 31
Let j(x) = x**2 - 5*x - 5. Let 